he prime factors of 380?
2, 5, 19
What are the prime factors of 7399?
7, 151
List the prime factors of 6818.
2, 7, 487
What are the prime factors of 3177?
3, 353
List the prime factors of 7480.
2, 5, 11, 17
What are the prime factors of 2075?
5, 83
What are the prime factors of 24641?
41, 601
List the prime factors of 272.
2, 17
List the prime factors of 1772.
2, 443
List the prime factors of 1899.
3, 211
List the prime factors of 9003.
3, 3001
List the prime factors of 26600.
2, 5, 7, 19
What are the prime factors of 29529?
3, 17, 193
What are the prime factors of 115540?
2, 5, 53, 109
What are the prime factors of 10223?
10223
What are the prime factors of 2524?
2, 631
List the prime factors of 7343.
7, 1049
List the prime factors of 9864.
2, 3, 137
List the prime factors of 3441.
3, 31, 37
What are the prime factors of 77338?
2, 38669
List the prime factors of 2197.
13
List the prime factors of 1587.
3, 23
List the prime factors of 3353.
7, 479
What are the prime factors of 122776?
2, 103, 149
What are the prime factors of 2471?
7, 353
List the prime factors of 51.
3, 17
What are the prime factors of 425?
5, 17
What are the prime factors of 2845?
5, 569
List the prime factors of 2034.
2, 3, 113
List the prime factors of 1112.
2, 139
What are the prime factors of 122?
2, 61
What are the prime factors of 87?
3, 29
What are the prime factors of 17150?
2, 5, 7
List the prime factors of 61030.
2, 5, 17, 359
List the prime factors of 8944.
2, 13, 43
What are the prime factors of 31643?
31643
What are the prime factors of 47242?
2, 13, 23, 79
List the prime factors of 49852.
2, 11, 103
List the prime factors of 2657.
2657
What are the prime factors of 350?
2, 5, 7
What are the prime factors of 3825?
3, 5, 17
List the prime factors of 2451.
3, 19, 43
List the prime factors of 975.
3, 5, 13
What are the prime factors of 23570?
2, 5, 2357
What are the prime factors of 44945?
5, 89, 101
List the prime factors of 1092.
2, 3, 7, 13
What are the prime factors of 3690?
2, 3, 5, 41
List the prime factors of 53707.
43, 1249
List the prime factors of 695.
5, 139
List the prime factors of 46466.
2, 7, 3319
What are the prime factors of 1005?
3, 5, 67
List the prime factors of 4534.
2, 2267
What are the prime factors of 1096?
2, 137
List the prime factors of 2941.
17, 173
What are the prime factors of 132861?
3, 67, 661
What are the prime factors of 3699?
3, 137
What are the prime factors of 15712?
2, 491
List the prime factors of 73167.
3, 29
List the prime factors of 1657.
1657
What are the prime factors of 15190?
2, 5, 7, 31
List the prime factors of 57884.
2, 29, 499
List the prime factors of 16728.
2, 3, 17, 41
List the prime factors of 7029.
3, 11, 71
List the prime factors of 2461.
23, 107
List the prime factors of 797.
797
What are the prime factors of 3758?
2, 1879
What are the prime factors of 19826?
2, 23, 431
What are the prime factors of 12868?
2, 3217
List the prime factors of 11551.
11551
List the prime factors of 10000.
2, 5
What are the prime factors of 114190?
2, 5, 19, 601
List the prime factors of 119257.
31, 3847
What are the prime factors of 10239?
3, 3413
What are the prime factors of 323?
17, 19
List the prime factors of 1928.
2, 241
What are the prime factors of 10159?
10159
List the prime factors of 9503.
13, 17, 43
What are the prime factors of 28658?
2, 7, 23, 89
What are the prime factors of 41332?
2, 10333
What are the prime factors of 32280?
2, 3, 5, 269
What are the prime factors of 97882?
2, 109, 449
List the prime factors of 1423.
1423
What are the prime factors of 48641?
127, 383
What are the prime factors of 24058?
2, 23, 523
What are the prime factors of 6079?
6079
What are the prime factors of 55?
5, 11
List the prime factors of 1592.
2, 199
What are the prime factors of 443?
443
List the prime factors of 88577.
101, 877
List the prime factors of 5037.
3, 23, 73
List the prime factors of 9242.
2, 4621
What are the prime factors of 1081?
23, 47
What are the prime factors of 118869?
3, 39623
What are the prime factors of 41792?
2, 653
List the prime factors of 952.
2, 7, 17
What are the prime factors of 3514?
2, 7, 251
What are the prime factors of 4075?
5, 163
List the prime factors of 13029.
3, 43, 101
What are the prime factors of 3070?
2, 5, 307
What are the prime factors of 13596?
2, 3, 11, 103
List the prime factors of 558.
2, 3, 31
List the prime factors of 1327.
1327
What are the prime factors of 1542?
2, 3, 257
List the prime factors of 3709.
3709
What are the prime factors of 2369?
23, 103
List the prime factors of 2649.
3, 883
List the prime factors of 526.
2, 263
List the prime factors of 3270.
2, 3, 5, 109
What are the prime factors of 128451?
3, 47, 911
List the prime factors of 75639.
3, 19, 1327
List the prime factors of 101278.
2, 79, 641
List the prime factors of 33399.
3, 1237
What are the prime factors of 4611?
3, 29, 53
List the prime factors of 10906.
2, 7, 19, 41
What are the prime factors of 58492?
2, 7, 2089
What are the prime factors of 3484?
2, 13, 67
What are the prime factors of 4965?
3, 5, 331
List the prime factors of 1814.
2, 907
List the prime factors of 58742.
2, 23, 1277
List the prime factors of 262.
2, 131
What are the prime factors of 6256?
2, 17, 23
What are the prime factors of 4218?
2, 3, 19, 37
List the prime factors of 955.
5, 191
List the prime factors of 40604.
2, 10151
What are the prime factors of 135?
3, 5
List the prime factors of 4939.
11, 449
List the prime factors of 10790.
2, 5, 13, 83
List the prime factors of 989.
23, 43
What are the prime factors of 268?
2, 67
List the prime factors of 77611.
77611
What are the prime factors of 1046?
2, 523
What are the prime factors of 65804?
2, 16451
List the prime factors of 129806.
2, 41, 1583
What are the prime factors of 209?
11, 19
List the prime factors of 71884.
2, 17971
List the prime factors of 56014.
2, 7, 4001
What are the prime factors of 104623?
104623
What are the prime factors of 163940?
2, 5, 7, 1171
List the prime factors of 7045.
5, 1409
What are the prime factors of 8956?
2, 2239
What are the prime factors of 29741?
29741
What are the prime factors of 1639?
11, 149
What are the prime factors of 41492?
2, 11, 23, 41
List the prime factors of 4629.
3, 1543
What are the prime factors of 226?
2, 113
What are the prime factors of 22487?
113, 199
What are the prime factors of 113912?
2, 29, 491
List the prime factors of 25517.
17, 19, 79
What are the prime factors of 97291?
17, 59, 97
What are the prime factors of 5985?
3, 5, 7, 19
List the prime factors of 768.
2, 3
List the prime factors of 24288.
2, 3, 11, 23
What are the prime factors of 31119?
3, 11, 23, 41
List the prime factors of 5834.
2, 2917
List the prime factors of 4172.
2, 7, 149
List the prime factors of 3547.
3547
List the prime factors of 222.
2, 3, 37
What are the prime factors of 29227?
11, 2657
What are the prime factors of 37869?
3, 13, 971
List the prime factors of 4339.
4339
What are the prime factors of 28085?
5, 41, 137
List the prime factors of 595.
5, 7, 17
What are the prime factors of 946?
2, 11, 43
List the prime factors of 1005.
3, 5, 67
What are the prime factors of 3102?
2, 3, 11, 47
What are the prime factors of 1716?
2, 3, 11, 13
What are the prime factors of 16508?
2, 4127
What are the prime factors of 33526?
2, 16763
List the prime factors of 1361.
1361
What are the prime factors of 16064?
2, 251
What are the prime factors of 3009?
3, 17, 59
List the prime factors of 5225.
5, 11, 19
What are the prime factors of 40562?
2, 17, 1193
List the prime factors of 677.
677
List the prime factors of 4097.
17, 241
What are the prime factors of 254?
2, 127
What are the prime factors of 876?
2, 3, 73
List the prime factors of 29080.
2, 5, 727
List the prime factors of 416.
2, 13
What are the prime factors of 106614?
2, 3, 5923
List the prime factors of 84212.
2, 37, 569
List the prime factors of 8976.
2, 3, 11, 17
What are the prime factors of 41931?
3, 1553
What are the prime factors of 137829?
3, 45943
List the prime factors of 19711.
23, 857
What are the prime factors of 3485?
5, 17, 41
What are the prime factors of 51703?
149, 347
List the prime factors of 7731.
3, 859
List the prime factors of 1184.
2, 37
What are the prime factors of 257